 is s(3)?
-1
Let m(g) = 18*g + 2. Give m(3).
56
Let c(w) = 3*w**3 + 6*w**2 + 5*w - 5. Determine c(-3).
-47
Let s(o) = -o**3 - 8*o**2 + 9*o - 4. What is s(-9)?
-4
Let v(y) = -y**3 - 8*y**2 - 6*y + 9. Calculate v(-7).
2
Let o(y) = y**3 + 2*y**2 + 4. Give o(0).
4
Let p(b) = -b**3 + 8*b**2 - 16*b - 1. Calculate p(5).
-6
Let g(t) = -t**2 + 2*t + 13. Give g(-6).
-35
Let d(n) = 3*n + 1. Determine d(-5).
-14
Let u(i) = -13*i + 269. Calculate u(21).
-4
Let g(q) = q**2 + 8*q - 5. Give g(-6).
-17
Let g(a) = a**3 - 8*a**2 - 11*a + 23. What is g(8)?
-65
Let q(u) = 21*u + 16. Calculate q(0).
16
Let h(s) = 20*s**2 + 48*s + 11. Determine h(-2).
-5
Let u(s) = s + 6. Calculate u(-3).
3
Let p(u) = u**3 + 8*u**2 + u - 3. Give p(-7).
39
Let j(o) = 2*o**2 - 11*o + 13. Determine j(6).
19
Let c(h) = 9*h**2 - 13*h - 3. Give c(4).
89
Let k(t) = -t**3 + 4*t**2 + 3*t. Give k(5).
-10
Let r(s) = s**2 + 6*s - 4. Calculate r(-6).
-4
Let g(w) = -12*w - 30. What is g(-3)?
6
Let h(a) = -a**3 + 9*a**2 + 11*a + 6. What is h(10)?
16
Let u(a) = a**2 - 4*a. Determine u(-4).
32
Let p(m) = -3*m**2 - 14*m - 2. Determine p(-6).
-26
Let s(f) = 2*f - 25. Determine s(14).
3
Let w(h) = 14*h - 88. Determine w(6).
-4
Let z(b) = -5*b + 5. What is z(5)?
-20
Let f(h) = h**3 + 7*h**2 + 2*h + 27. Give f(-8).
-53
Let f(i) = i**2 + i - 8. Give f(-5).
12
Let n(y) = 4*y - 2. Give n(14).
54
Let g(k) = -k**2 - 10*k - 3. Calculate g(-12).
-27
Let a(r) = 4*r - 39. Calculate a(8).
-7
Let h(u) = -2*u - 5. Give h(7).
-19
Let c(y) = -6*y + 9. Calculate c(3).
-9
Let h(p) = 37*p - 361. What is h(11)?
46
Let p(c) = -7*c**3 - 3*c**2 - 3*c + 1. Determine p(-2).
51
Let i(b) = -b**3 - 5*b**2 - b - 2. Calculate i(-4).
-14
Let s(w) = w**3 + 4*w**2 - 3*w - 4. What is s(-4)?
8
Let p(x) = -x**2 + 6*x - 8. Give p(5).
-3
Let b(n) = -28*n + 217. Calculate b(8).
-7
Let h(y) = 3*y**2 - 19*y - 8. Determine h(8).
32
Let d(s) = -s**3 + 2*s**2 + 6*s - 7. What is d(4)?
-15
Let u(c) = -c**2 - 8*c - 8. Determine u(-7).
-1
Let v(x) = -x**2 + 3*x. Calculate v(3).
0
Let q(i) = i**3 + 4*i**2 + 7*i + 5. Give q(-4).
-23
Let a(o) = -o**2 - 19*o + 19. Calculate a(-21).
-23
Let l(y) = -15*y**2 - 5*y + 5. Determine l(1).
-15
Let b(z) = -2*z**3 + 6*z**2 + 7*z + 2. What is b(4)?
-2
Let d(y) = 2*y + 73. What is d(-18)?
37
Let u(h) = h**3 - 9*h**2 + 10*h - 9. What is u(8)?
7
Let y(x) = x**2 - 2*x + 5. Calculate y(4).
13
Let b(h) = h**3 - 10*h**2 + 24*h - 2. Determine b(2).
14
Let t(x) = -x**2 - 7*x + 6. Give t(-7).
6
Let t(d) = -d**3 - 8*d**2 + 21*d + 32. Determine t(-10).
22
Let f(z) = z**3 - 16*z**2 + 15*z + 15. Calculate f(15).
15
Let h(b) = 2*b - 10. What is h(7)?
4
Let i(t) = 3*t**2 - 26*t + 2. Determine i(9).
11
Let t(q) = -2*q**3 + 18*q**2 + 4*q + 1. Give t(9).
37
Let l(a) = a + 22. Give l(-11).
11
Let o(v) = -v**2 + 16*v - 18. Calculate o(15).
-3
Let v(q) = q**2 - 11*q - 12. Determine v(12).
0
Let d(g) = 18*g + 88. What is d(-10)?
-92
Let q(k) = -10*k**2 - 5*k - 3. Calculate q(-3).
-78
Let q(h) = -3*h**2 - 4*h - 10. Calculate q(-4).
-42
Let f(r) = -r**3 + 17*r**2 - 2*r + 6. Determine f(17).
-28
Let x(f) = 5*f**3 + f**2 - 2. Give x(-2).
-38
Let w(h) = h - 13. Give w(14).
1
Let n(m) = -m**3 - 51*m**2 + 55*m + 165. Give n(-52).
9
Let d(s) = s**3. Give d(-2).
-8
Let d(z) = z**2 - 17*z + 74. Calculate d(8).
2
Let c(s) = s**3 + 5*s**2 - 7*s + 8. What is c(-6)?
14
Let i(l) = -6*l + 22. Give i(4).
-2
Let a(n) = n**2 + 5*n + 5. Give a(-5).
5
Let j(c) = 4*c - 2. Give j(-3).
-14
Let t(q) = q**3 - 2*q**2 - 2*q - 21. Calculate t(0).
-21
Let o(n) = 18*n - 61. Give o(3).
-7
Let j(u) = -3*u + 2. Calculate j(8).
-22
Let o(j) = -j**3 - 2*j**2 + 5*j - 2. What is o(2)?
-8
Let x(i) = -i**3 + 10*i**2 - 27*i - 5. What is x(7)?
-47
Let w(a) = -a**3 - 14*a**2 - 34*a - 3. Determine w(-11).
8
Let s(o) = 63*o - 25. Give s(3).
164
Let x(c) = -35*c**2 - c - 1. Determine x(-1).
-35
Let t(y) = y**2 + 26*y + 85. What is t(-25)?
60
Let s(h) = h**2 + 7*h - 59. What is s(-12)?
1
Let o(s) = 3*s - 13. What is o(5)?
2
Let s(d) = -4*d**2 + 2*d - 13. Calculate s(-4).
-85
Let x(a) = -8*a - 133. Give x(-16).
-5
Let y(m) = 6*m - 92. Give y(7).
-50
Let a(o) = -o**2 - 18*o + 172. Calculate a(-25).
-3
Let l(d) = d**3 + 4*d**2 - d - 8. What is l(-5)?
-28
Let d(j) = 35*j**2 - 145*j + 9. Give d(4).
-11
Let k(j) = j**2 + 8*j - 13. What is k(-9)?
-4
Let g(m) = 2*m**2 + 17*m + 47. What is g(-11)?
102
Let x(b) = -2*b**2 + 8*b + 1. Give x(5).
-9
Let j(i) = i - 10. Give j(20).
10
Let v(i) = i**3 - 14*i**2 + 2*i - 49. What is v(14)?
-21
Let y(u) = -u**2 - 15*u + 9. Calculate y(-15).
9
Let y(a) = 46*a. What is y(-1)?
-46
Let i(d) = d - 1. Calculate i(3).
2
Let d(c) = -13*c + 2. What is d(10)?
-128
Let h(o) = o**2 - 14*o - 179. Calculate h(-8).
-3
Let l(r) = 9*r**2 + 13*r - 3. Determine l(-4).
89
Let i(l) = 4*l**2 + 30*l + 13. Give i(-7).
-1
Let d(w) = -w**2 - 24*w + 41. Give d(-26).
-11
Let u(q) = 5*q**3 + q**2 - 1. Calculate u(-1).
-5
Let k(c) = 2*c**2 + 7*c + 7. Give k(-2).
1
Let p(f) = -f**3 - 12*f**2 - 11*f - 14. Give p(-11).
-14
Let v(g) = -4*g**2 + 5*g - 2. Determine v(3).
-23
Let p(f) = -6*f - 31. Calculate p(-6).
5
Let z(p) = p**3 - 2*p**2 + 7*p - 11. Determine z(2).
3
Let f(t) = 15*t**2 - 92*t + 8. Determine f(6).
-4
Let b(p) = -12*p**2 + 12*p - 12. Calculate b(1).
-12
Let a(o) = -o + 18. What is a(-15)?
33
Let r(g) = -2*g**2 + 2*g + 36. Determine r(10).
-144
Let a(g) = g**2 - 26*g - 24. Determine a(27).
3
Let h(t) = t**2 - 25*t + 158. Give h(14).
4
Let d(s) = -2*s**2 + 19*s + 3. Determine d(9).
12
Let f(c) = c**2 + 91*c - 387. Determine f(4).
-7
Let d(a) = a**2 + 9*a + 14. Calculate d(-7).
0
Let d(j) = -20*j + 115. Determine d(5).
15
Let q(y) = -y**3 + 15*y**2 - 9*y - 1. What is q(14)?
69
Let l(w) = -w**3 - 8*w**2 - 11*w + 13. Give l(-5).
-7
Let b(t) = t**3 + 11*t**2 + 18*t - 3. Determine b(-9).
-3
Let c(q) = -18*q - 316. Determine c(-17).
-10
Let a(o) = -2*o - 3. What is a(11)?
-25
Let r(d) = d**3 + d**2 - d + 33. Give r(0).
33
Let z(f) = f + 2. Give z(-5).
-3
Let o(s) = -2*s**2 - 8*s - 3. Give o(-7).
-45
Let i(v) = 6*v + 34. Determine i(-6).
-2
Let u(a) = a**3 + 4*a**2 - 33*a - 14. Give u(-8).
-6
Let m(k) = k**2 - 18*k - 10. Give m(19).
9
Let u(q) = -q**3 - 15*q**2 + 52*q - 18. What is u(-18)?
18
Let l(c) = c**3 + 10*c**2 + 8*c - 17. Calculate l(-9).
-8
Let w(d) = -d**3 + 11*d**2 - 19*d + 213. Determine w(11).
4
Let u(f) = f + 31. Give u(-11).
20
Let x(g) = -7*g - 12. Determine x(-6).
30
Let f(o) = -2*o - 26. What is f(-12)?
-2
Let u(l) = -38*l - 176. Give u(-5).
14
Let d(h) = 5*h**2 + 2*h - 24. What is d(-5)?
91
Let p(d) = -3*d - 7. Give p(-8).
17
Let v(o) = -31*o - 101. What is v(-3)?
-8
Let s(q) = -q - 7. Give s(11).
-18
Let k(y) = y**3 - 5*y**2 - y + 1. Calculate k(5).
-4
Let x(a) = -7*a**2 + a. Determine x(-1).
-8
Let c(y) = -y**3 - 8*y**2 - 14*y + 5. What is c(-4)?
-3
Let b(x) = -x**2 - 5*x + 5. Give b(-7).
-9
Let x(p) = p**3 + 4*p**2 + 7*p + 10. Determine x(-2).
4
Let y(o) = -2*o**2 + 31*o - 7. Give y(15).
8
Let t(u) = -u**3 + 16*u**2 - 40*u + 11. What is t(13)?
-2
Let w(u) = -u**3 + 13*u**2 - 25*u + 25. Give w(11).
-8
Let p(u) = -u**3 - 6*u**2 - 2*u - 2. What is p(-6)?
10
Let r(b) = b**3 + 10*b**2 - 12*b + 9. Calculate r(-11).
20
Let x(i) = -i**2 - i + 1. Determine x(1).
-1
Let y(w) = -w**3 + 3*w**2 + 51*w - 15. Determine y(-6).
3
Let w(l) = -3*l + 21. Give w(12).
-15
Let q(v) = v**3 - v**2 - v + 1. Determine q(0).
1
Let x(w) = w - 12. Calculate x(-2).
-14
Let r(v) = v**2 - 2*v + 1. Calculate r(3).
4
Let q(o) = 6*o - 80. What is q(10)?
-20
Let n(c) = -2*c**2 + 9*c + 17. Determine n(8).
-39
Let v(r) = -3*r**3 - 4*r**2 - 2*r - 3. Give v(-3).
48
Let p(h) = h**3 + 6*h**2 + 5*h - 7. What is p(-5)?
-7
Let n(u) = u**3 + 15*u**2 + u + 18. Calculate n(-15).
3
Let c(a) = a**3 + 7*a**2 - 45*a + 8. What is c(-11)?
19
Let p(d) = 2*d**2 - d. Determine p(1).
1
Let z(s) = -s**3 - 10*s**2 - 13*s + 19. Give z(-8).
-5
Let p(w) = -w**3 - 33*w**2 - 2*w - 67. Determine p(-33).
-1
Let n(r) = -303*r + 1829. What is n(6)?
11
Let o(i) = -5*i - 1. What is o(6)?
-31
Let m(j) = -j**3 + 5*j**2 - 4*j + 12. Determine m(5).
-8
Let n(v) = 4*v**3 + 71*v**2 - 23*v - 27. What is n(-18)?
63
Let v(d) = 2*d**3 + 4*d**2 + 5*d + 4. Calculate v(-3).
-29
Let r(z) = 4*z - 3. Determine r(-7).
-31
Let g(x) = -x**2 + 